 g?
21
Let k(j) = -4*j + 4. Let z = 2 - 1. Suppose -z - 149 = -5*p. What is the remainder when p is divided by k(-3)?
14
Let h be -1 + -2 + (6 - 1). Let s = h - -1. Suppose 0 = -s*f - 0*f + 15, -p + 5*f = 21. Calculate the remainder when 11 is divided by p.
3
Suppose 0*v + v + 31 = 4*k, 0 = 2*k + 2*v - 28. What is the remainder when k is divided by 4?
1
Let f(z) = z**3 - 4*z**2 - 6*z + 6. Suppose -a + 4*n + 9 = 0, -4*n = 5*a - 2*n - 23. Let s(y) = y - 5. What is the remainder when s(7) is divided by f(a)?
0
Let i(y) = y + 2*y - 20*y. What is the remainder when i(-2) is divided by 18?
16
Suppose -9 = -3*w + 2*w. Let f = w - 0. Let y = -5 + f. What is the remainder when y is divided by 2?
0
Let c = -7 - -37. Calculate the remainder when c is divided by 10.
0
Let i(v) = v**3 + 7*v**2 + 4*v - 6. Let o(m) = m**3 + m + 6. Let w be o(0). What is the remainder when i(-5) is divided by w + 0 + (-3)/(-1)?
6
Let d(x) = -x**2 + 8*x + 16. Calculate the remainder when 60 is divided by d(8).
12
Suppose d - 2*d - 2*a = -57, -3*a - 67 = -d. Calculate the remainder when d is divided by 32.
29
Let o = 3 + 0. Suppose 0*j - o*j = -6. Suppose 24 = 3*p - 3*l - 3, 0 = 4*p - j*l - 42. Calculate the remainder when 22 is divided by p.
10
Let b(g) = g**3 - 5*g**2 - g. What is the remainder when 117 is divided by b(6)?
27
Let t(k) = k**3 + 4*k**2 - 4*k - 6. What is the remainder when 28 is divided by t(-4)?
8
Suppose -3*z = -0*z. Suppose -8 = -z*o - o. Let b = -11 + 34. What is the remainder when b is divided by o?
7
Calculate the remainder when 27 is divided by 3/(2/(84/9)).
13
Suppose 3*q = 0, 2*q - 7*q + 178 = 2*t. Calculate the remainder when t is divided by 13.
11
Let l = 8 + -4. Suppose 73 = l*c - 43. What is the remainder when c is divided by 10?
9
Let q = 30 + -22. Calculate the remainder when -22*(2 + -3) - 0 is divided by q.
6
Let w = 47 + -35. Calculate the remainder when 57 is divided by w.
9
Let v be (-2)/11 + 57/11. Suppose d + v*j = 6*d, 2*j - 3 = -d. Suppose 4*b + 15 = 2*o + o, -b - 5 = -2*o. What is the remainder when d is divided by o?
0
Suppose 7*u + 5*o = 3*u + 77, -u = 4*o - 22. Calculate the remainder when 103 is divided by u.
13
Let t(h) = -h**2 - 16*h - 5. Calculate the remainder when ((-56)/6)/((-2)/6) is divided by t(-15).
8
Let p be (-10)/(-4)*2*-1. Let w(f) = -f**3 - 5*f**2 - 3*f - 7. Let v(a) = 6*a - 1. Calculate the remainder when v(4) is divided by w(p).
7
Let g = -6 - -11. Suppose 2*x = -r + 11, 7*r - 4*r + 4*x = 31. Calculate the remainder when r is divided by g.
4
Let r(t) = -3*t - 65. Calculate the remainder when r(-27) is divided by 4.
0
What is the remainder when 42 is divided by 20/(-40)*(-21 + -1)*2?
20
Suppose 3*s - 5*r - 19 = 0, 5*r = -5*s + 5 - 0. Suppose 3*l + 4 = 4*l. Calculate the remainder when ((-1)/s)/(2/(-66)) is divided by l.
3
Let x(c) = c + 47. Calculate the remainder when x(-5) is divided by 11.
9
Suppose -4*d + 115 + 37 = 0. Let v(s) = 12*s**2 + s. Calculate the remainder when d is divided by v(1).
12
Suppose -5*b - 140 = -5*f, 0 = f + b + 4 - 22. Let d = f + -11. Let h = 19 - -3. What is the remainder when h is divided by d?
10
Suppose w - 29 = -0*w - 4*x, 3*w + x - 87 = 0. Suppose -5*t + 69 = -141. What is the remainder when w is divided by 4/14 + 408/t?
9
Let m(s) = 5*s**2 + 11*s + 6. Let c be m(-9). Suppose -x - 2*x = -c. Let k = 147 - x. What is the remainder when k is divided by 15?
13
Let g(k) = 26*k**2. Calculate the remainder when g(-1) is divided by 14*4/(-16)*-4.
12
Let r = 11 - 5. Calculate the remainder when 16 is divided by 42/r + 1 + 1.
7
Let p = -52 - -73. What is the remainder when p is divided by 3?
0
Let p(i) = i**2 - 3*i - 2. Let d be p(4). Suppose d*g + g + 6 = 0, 0 = -h + 3*g + 8. What is the remainder when h is divided by (4/(-5))/((-4)/10)?
0
Let s = 6 - 2. Suppose -4*n + 20 = -2*n. Suppose -3*g + s*g + 5*y - 19 = 0, 2*g - 4*y = n. What is the remainder when 16 is divided by g?
7
Suppose 0 = -l - 4*l + 10. Suppose -3*t + 3*j = -57, -55 = -3*t - 0*j + l*j. What is the remainder when t is divided by (-12)/(-10)*15/3?
5
Let h = 105 - 61. Calculate the remainder when h is divided by 15.
14
Let d = 46 + -1. What is the remainder when d is divided by 24?
21
Let k = -20 - -5. Let y = 38 - k. What is the remainder when y is divided by 1778/98 + (-2)/14?
17
Let m(b) = 3*b. Let i be m(3). Let g be i + (2 - (2 - 1)). What is the remainder when 13 is divided by g/(1/(-1)*-2)?
3
Suppose 6 = j + 5*u - 4*u, 2*j = -u + 10. Suppose -5*w = -j*i - 72, 6*w = 2*w + i + 51. Suppose w = 5*o - 53. What is the remainder when 36 is divided by o?
10
Let x(n) = n**2 - 7*n + 9. Let u(a) = a**3 - 3*a**2 + 2*a + 4. Suppose j = 4*t - 3 - 11, -7 = -3*t - j. What is the remainder when u(t) is divided by x(6)?
1
Let h(t) = 54*t**3 + 2*t**2 - 2*t + 1. Calculate the remainder when h(1) is divided by 19.
17
Let f be 7/((-1)/4 + 0). Let j = f + 39. Let s = -27 - -48. Calculate the remainder when s is divided by j.
10
Let t(s) = s**2 + 3*s - 5. Suppose 2 = -v - 5. Calculate the remainder when t(v) is divided by 6.
5
Let q(i) = i**2 + 2*i + 1. Suppose 3 = u, 2*d - 2*u - 72 = -12. Calculate the remainder when d is divided by q(2).
6
Suppose 4*t - 8 = 12. Suppose 9 = 2*x + x - 2*k, -t = -4*x + 5*k. Suppose p - 1 = x. Calculate the remainder when 10 is divided by p.
4
Let h(m) = -m**2 - 8*m + 5. Let a(p) = -p**2 + p. Let v be a(-2). Calculate the remainder when 49 is divided by h(v).
15
Let m(o) = -4*o**2 + 1. Let s be m(-1). Let g be (-2 + s/(-2))*-10. Suppose -g - 25 = -2*b. Calculate the remainder when b is divided by 4.
3
Suppose 56*p - 61*p + 45 = 0. Calculate the remainder when 43 is divided by p.
7
Suppose -5*r + 12 = 3*l - 7, 2*l - 42 = 4*r. Suppose 0*k = 4*k - 96. What is the remainder when k is divided by l?
11
Suppose -4*i = -4*m + 20, 4*i + 0*i - m = -5. Let r = i - -8. What is the remainder when r is divided by 3?
2
Let q(w) = -w**3 + 6*w**2 - 4*w - 2. Let v be q(5). Suppose -v*r + 91 + 14 = 0. Let l = 19 + -7. What is the remainder when r is divided by l?
11
Let c(u) = -u**3 + 6*u**2 + u - 6. Let s be c(6). Let p = 133 - 77. Suppose 4*d = -s*d + p. What is the remainder when 41 is divided by d?
13
Let k be (-2)/8 + 564/16. Suppose -2*y = 3*y - k. What is the remainder when 18 is divided by y?
4
Let l = -51 - -62. Suppose -88 - 2 = -3*y. What is the remainder when y is divided by l?
8
Suppose 4*c - 17 = -0*d - d, c = -2*d + 13. Suppose -32 = 2*x + 4*g, -x = -d*g - 6 - 6. Let b = 8 - x. Calculate the remainder when b is divided by 6.
4
Suppose -3*o = -23 - 1. Let c = 64 - o. What is the remainder when c is divided by 29?
27
Let s be 4*1/2 - 13. Let z = s + 13. What is the remainder when 2 is divided by z?
0
Let q(g) = -g**2 - 17*g - 13. What is the remainder when q(-11) is divided by 14?
11
Suppose f + 4*q = 3 - 9, 0 = -4*f - 2*q - 24. Let g(n) = n**2 - 2*n + 4. What is the remainder when g(f) is divided by 27?
25
Suppose -y + 7 + 13 = 3*w, w - 4 = 0. Suppose -2 = 2*m - 8. What is the remainder when y is divided by m?
2
What is the remainder when (2 + (-24)/15)*35 is divided by 4?
2
Let p be 5 - (0/(-3) + 0). Let a(i) = i**2 - i - 1. What is the remainder when a(5) is divided by 2/4*(p + 9)?
5
Let j = 24 - -6. What is the remainder when 56 is divided by j?
26
Let p = 32 + -18. Let q = p + -5. Suppose -4*a = -q*a + 45. What is the remainder when 25 is divided by a?
7
Suppose 2*b + 4*v - 126 = 0, 3*b - v - v - 173 = 0. Let x = 24 + 6. Calculate the remainder when b is divided by x.
29
Let q(d) = -d**2 + 7*d - 4. Calculate the remainder when q(6) is divided by 2.
0
Let w(d) = -12*d + 9*d + d**2 - 6 + 0*d**2. What is the remainder when 15 is divided by w(5)?
3
Suppose -2*c + 36 = -3*l, 0 = -4*c + l + 11 + 61. What is the remainder when 68 is divided by c?
14
Let y(c) = -2*c + 1. Let b be y(1). Let m = b + 1. Suppose s - 1 - 4 = m. What is the remainder when 13 is divided by s?
3
Let k = -9 + 10. Suppose 0*h - 25 = -5*h + 2*a, 3*a - k = 2*h. Calculate the remainder when h is divided by 4.
3
Let c(l) = l**3 - 3*l. What is the remainder when 143 is divided by c(3)?
17
What is the remainder when 7 is divided by 2/4*(-30)/(-3)?
2
Let v(q) be the second derivative of q**5/20 + q**4/2 + 2*q**3/3 - 8*q. Let h = -10 + 5. Calculate the